{"id":8,"date":"2026-03-11T09:12:50","date_gmt":"2026-03-11T09:12:50","guid":{"rendered":"http:\/\/31.217.196.210\/~syjlvnuj\/?page_id=8"},"modified":"2026-03-11T19:27:34","modified_gmt":"2026-03-11T19:27:34","slug":"etusivu","status":"publish","type":"page","link":"http:\/\/31.217.196.210\/~syjlvnuj\/","title":{"rendered":"Etusivu"},"content":{"rendered":"\n<p class=\"has-black-color has-text-color has-link-color wp-elements-8d56cdddb1a328848f3c870f61c598a9\" style=\"font-size:18px\"><strong>Miksi MeTaito<\/strong><br>MeTaito yhdist\u00e4\u00e4 psyykkisen valmennuksen, vuorovaikutusosaamisen ja sovittelevan ty\u00f6otteen. Tavoitteena ei ole vain ymm\u00e4rt\u00e4\u00e4 tilanteita, vaan vahvistaa toimintakyky\u00e4 silloin, kun paine, ristiriidat tai kuormitus haastavat eniten.<\/p>\n\n\n\n<p class=\"has-black-color has-text-color has-link-color wp-elements-d3f99e621bb24eae66bb989c30124715\" style=\"font-size:18px\"><strong>Mika Vesala<\/strong><br>Olen ty\u00f6yhteis\u00f6sovittelija, kouluttaja ja valmentaja. Autan ihmisi\u00e4 ja yhteis\u00f6j\u00e4 vahvistamaan ajattelua, vuorovaikutusta ja toimintakyky\u00e4 silloin, kun paine, ristiriidat tai vaativat tilanteet haastavat eniten. Ty\u00f6skentelyotteeni on inhimillinen, k\u00e4yt\u00e4nn\u00f6nl\u00e4heinen ja rehellinen.<\/p>\n\n\n\n<p class=\"has-black-color has-text-color has-link-color wp-elements-622d6ae6a9b3ee89b27480e17b26a46b\" style=\"font-size:18px\"><strong>Yhteydenotto<\/strong><br>Haluatko keskustella valmennuksesta, koulutuksesta tai ty\u00f6yhteis\u00f6sovittelusta?<\/p>\n\n\n\n<p class=\"has-link-color wp-elements-2b8adc51bfe78e01340f0716fd2b66e9\" style=\"font-size:18px\">Ota yhteytt\u00e4, niin katsotaan yhdess\u00e4, millainen kokonaisuus sopii sinun, tiimisi tai organisaatiosi tilanteeseen.<\/p>\n\n\n\n<p class=\"has-link-color wp-elements-b5d6b2e4fc314b495248c0bc8e3c691f\" style=\"font-size:18px\"><strong>Mika Vesala<\/strong><br>Ty\u00f6yhteis\u00f6sovittelija, kouluttaja ja valmentaja<br><strong><a>mika.vesala@metaito.fi<\/a><\/strong><br><strong>+358 44 588 4495<\/strong><\/p>\n\n\n\n<p class=\"has-black-color has-text-color has-link-color wp-elements-6d04ebe144473332b35e593d466e83e2\" style=\"font-size:16px\"><\/p>\n","protected":false},"excerpt":{"rendered":"<p>Miksi MeTaitoMeTaito yhdist\u00e4\u00e4 psyykkisen valmennuksen, vuorovaikutusosaamisen ja sovittelevan ty\u00f6otteen. Tavoitteena ei ole vain ymm\u00e4rt\u00e4\u00e4 tilanteita, vaan vahvistaa toimintakyky\u00e4 silloin, kun paine, ristiriidat tai kuormitus haastavat eniten. Mika VesalaOlen ty\u00f6yhteis\u00f6sovittelija, kouluttaja ja valmentaja. Autan ihmisi\u00e4 ja yhteis\u00f6j\u00e4 vahvistamaan ajattelua, vuorovaikutusta ja toimintakyky\u00e4 silloin, kun paine, ristiriidat tai vaativat tilanteet haastavat eniten. Ty\u00f6skentelyotteeni on inhimillinen, k\u00e4yt\u00e4nn\u00f6nl\u00e4heinen ja&hellip;<\/p>\n<p class=\"more-link\"><a href=\"http:\/\/31.217.196.210\/~syjlvnuj\/\" class=\"themebutton2\">Read More<\/a><\/p>\n","protected":false},"author":1,"featured_media":0,"parent":0,"menu_order":0,"comment_status":"closed","ping_status":"closed","template":"","meta":{"footnotes":""},"categories":[],"tags":[],"class_list":["post-8","page","type-page","status-publish","hentry"],"_links":{"self":[{"href":"http:\/\/31.217.196.210\/~syjlvnuj\/wp-json\/wp\/v2\/pages\/8","targetHints":{"allow":["GET"]}}],"collection":[{"href":"http:\/\/31.217.196.210\/~syjlvnuj\/wp-json\/wp\/v2\/pages"}],"about":[{"href":"http:\/\/31.217.196.210\/~syjlvnuj\/wp-json\/wp\/v2\/types\/page"}],"author":[{"embeddable":true,"href":"http:\/\/31.217.196.210\/~syjlvnuj\/wp-json\/wp\/v2\/users\/1"}],"replies":[{"embeddable":true,"href":"http:\/\/31.217.196.210\/~syjlvnuj\/wp-json\/wp\/v2\/comments?post=8"}],"version-history":[{"count":11,"href":"http:\/\/31.217.196.210\/~syjlvnuj\/wp-json\/wp\/v2\/pages\/8\/revisions"}],"predecessor-version":[{"id":75,"href":"http:\/\/31.217.196.210\/~syjlvnuj\/wp-json\/wp\/v2\/pages\/8\/revisions\/75"}],"wp:attachment":[{"href":"http:\/\/31.217.196.210\/~syjlvnuj\/wp-json\/wp\/v2\/media?parent=8"}],"wp:term":[{"taxonomy":"category","embeddable":true,"href":"http:\/\/31.217.196.210\/~syjlvnuj\/wp-json\/wp\/v2\/categories?post=8"},{"taxonomy":"post_tag","embeddable":true,"href":"http:\/\/31.217.196.210\/~syjlvnuj\/wp-json\/wp\/v2\/tags?post=8"}],"curies":[{"name":"wp","href":"https:\/\/api.w.org\/{rel}","templated":true}]}}